-- https://www.phpmyadmin.net/
--

START TRANSACTION;



--
-- Database: `db_greatday`
--

-- --------------------------------------------------------

--
-- Table structure for table `data_rows`
--

CREATE TABLE `data_rows` (
  `id` int(10) UNSIGNED NOT NULL,
  `data_type_id` int(10) UNSIGNED NOT NULL,
  `field` varchar(255) NOT NULL,
  `type` varchar(255) NOT NULL,
  `display_name` varchar(255) NOT NULL,
  `required` tinyint(1) NOT NULL DEFAULT 0,
  `browse` tinyint(1) NOT NULL DEFAULT 1,
  `read` tinyint(1) NOT NULL DEFAULT 1,
  `edit` tinyint(1) NOT NULL DEFAULT 1,
  `add` tinyint(1) NOT NULL DEFAULT 1,
  `delete` tinyint(1) NOT NULL DEFAULT 1,
  `details` text DEFAULT NULL,
  `order` int(11) NOT NULL DEFAULT 1
) ENGINE=InnoDB DEFAULT CHARSET=utf8mb4 COLLATE=utf8mb4_unicode_ci;



-- --------------------------------------------------------

--
-- Table structure for table `data_types`
--

CREATE TABLE `data_types` (
  `id` int(10) UNSIGNED NOT NULL,
  `name` varchar(255) NOT NULL,
  `slug` varchar(255) NOT NULL,
  `display_name_singular` varchar(255) NOT NULL,
  `display_name_plural` varchar(255) NOT NULL,
  `icon` varchar(255) DEFAULT NULL,
  `model_name` varchar(255) DEFAULT NULL,
  `policy_name` varchar(255) DEFAULT NULL,
  `controller` varchar(255) DEFAULT NULL,
  `description` varchar(255) DEFAULT NULL,
  `generate_permissions` tinyint(1) NOT NULL DEFAULT 0,
  `server_side` tinyint(4) NOT NULL DEFAULT 0,
  `details` text DEFAULT NULL,
  `created_at` timestamp NULL DEFAULT NULL,
  `updated_at` timestamp NULL DEFAULT NULL
) ENGINE=InnoDB DEFAULT CHARSET=utf8mb4 COLLATE=utf8mb4_unicode_ci;

--
-- Dumping data for table `data_types`
--

INSERT INTO `data_types` (`id`, `name`, `slug`, `display_name_singular`, `display_name_plural`, `icon`, `model_name`, `policy_name`, `controller`, `description`, `generate_permissions`, `server_side`, `details`, `created_at`, `updated_at`) VALUES
(1, 'users', 'users', 'User', 'Users', 'voyager-person', 'TCG\\Voyager\\Models\\User', 'TCG\\Voyager\\Policies\\UserPolicy', 'TCG\\Voyager\\Http\\Controllers\\VoyagerUserController', '', 1, 0, NULL, '2023-10-13 04:18:08', '2023-10-13 04:18:08'),
(2, 'menus', 'menus', 'Menu', 'Menus', 'voyager-list', 'TCG\\Voyager\\Models\\Menu', NULL, '', '', 1, 0, NULL, '2023-10-13 04:18:08', '2023-10-13 04:18:08'),
(3, 'roles', 'roles', 'Role', 'Roles', 'voyager-lock', 'TCG\\Voyager\\Models\\Role', NULL, 'TCG\\Voyager\\Http\\Controllers\\VoyagerRoleController', '', 1, 0, NULL, '2023-10-13 04:18:08', '2023-10-13 04:18:08'),
(4, 'tb_greatday', 'tb-greatday', 'Greatday', 'Greatday', 'voyager-people', 'App\\Models\\tb_greatday', NULL, NULL, NULL, 1, 0, '{\"order_column\":\"user_id\",\"order_display_column\":\"user_id\",\"order_direction\":\"desc\",\"default_search_key\":\"user_id\",\"scope\":null}', '2023-10-13 04:21:39', '2023-10-13 05:49:16'),
(5, 'tb_timesheet', 'tb-timesheet', 'Data Timesheet', 'Data Timesheet', 'voyager-file-text', 'App\\Models\\tb_timesheet', NULL, NULL, NULL, 1, 1, '{\"order_column\":\"id\",\"order_display_column\":\"id\",\"order_direction\":\"desc\",\"default_search_key\":\"id\",\"scope\":null}', '2023-10-13 06:19:47', '2023-10-13 06:20:15');

-- --------------------------------------------------------

--
-- Table structure for table `failed_jobs`
--

CREATE TABLE `failed_jobs` (
  `id` bigint(20) UNSIGNED NOT NULL,
  `uuid` varchar(255) NOT NULL,
  `connection` text NOT NULL,
  `queue` text NOT NULL,
  `payload` longtext NOT NULL,
  `exception` longtext NOT NULL,
  `failed_at` timestamp NOT NULL DEFAULT current_timestamp()
) ENGINE=InnoDB DEFAULT CHARSET=utf8mb4 COLLATE=utf8mb4_unicode_ci;

-- --------------------------------------------------------

--
-- Table structure for table `log_greatday_siggaps`
--

CREATE TABLE `log_greatday_siggaps` (
  `id` bigint(20) UNSIGNED NOT NULL,
  `service_users_id` varchar(255) DEFAULT NULL,
  `service_drivers_id` varchar(255) DEFAULT NULL,
  `date` varchar(255) DEFAULT NULL,
  `time_entry` varchar(255) DEFAULT NULL,
  `km_entry` varchar(255) DEFAULT NULL,
  `timesheet_timestamp` varchar(255) DEFAULT NULL,
  `created_at` timestamp NULL DEFAULT NULL,
  `updated_at` timestamp NULL DEFAULT NULL
) ENGINE=InnoDB DEFAULT CHARSET=utf8mb4 COLLATE=utf8mb4_unicode_ci;

--
-- Dumping data for table `log_greatday_siggaps`
--

INSERT INTO `log_greatday_siggaps` (`id`, `service_users_id`, `service_drivers_id`, `date`, `time_entry`, `km_entry`, `timesheet_timestamp`, `created_at`, `updated_at`) VALUES
(95, '1101', '1236', '2023-10-20', '10:04:37', '0', '1697734800', '2023-10-20 21:42:22', '2023-10-20 21:42:22'),
(96, '1101', '1236', '2023-10-21', '07:24:15', '0', '1697821200', '2023-10-20 21:43:36', '2023-10-20 21:43:36');

-- --------------------------------------------------------

--
-- Table structure for table `menus`
--

CREATE TABLE `menus` (
  `id` int(10) UNSIGNED NOT NULL,
  `name` varchar(255) NOT NULL,
  `created_at` timestamp NULL DEFAULT NULL,
  `updated_at` timestamp NULL DEFAULT NULL
) ENGINE=InnoDB DEFAULT CHARSET=utf8mb4 COLLATE=utf8mb4_unicode_ci;

--
-- Dumping data for table `menus`
--

INSERT INTO `menus` (`id`, `name`, `created_at`, `updated_at`) VALUES
(1, 'admin', '2023-10-13 04:18:09', '2023-10-13 04:18:09');

-- --------------------------------------------------------

--
-- Table structure for table `menu_items`
--

CREATE TABLE `menu_items` (
  `id` int(10) UNSIGNED NOT NULL,
  `menu_id` int(10) UNSIGNED DEFAULT NULL,
  `title` varchar(255) NOT NULL,
  `url` varchar(255) NOT NULL,
  `target` varchar(255) NOT NULL DEFAULT '_self',
  `icon_class` varchar(255) DEFAULT NULL,
  `color` varchar(255) DEFAULT NULL,
  `parent_id` int(11) DEFAULT NULL,
  `order` int(11) NOT NULL,
  `created_at` timestamp NULL DEFAULT NULL,
  `updated_at` timestamp NULL DEFAULT NULL,
  `route` varchar(255) DEFAULT NULL,
  `parameters` text DEFAULT NULL
) ENGINE=InnoDB DEFAULT CHARSET=utf8mb4 COLLATE=utf8mb4_unicode_ci;

--
-- Dumping data for table `menu_items`
--

INSERT INTO `menu_items` (`id`, `menu_id`, `title`, `url`, `target`, `icon_class`, `color`, `parent_id`, `order`, `created_at`, `updated_at`, `route`, `parameters`) VALUES
(1, 1, 'Dashboard', '', '_self', 'voyager-boat', NULL, NULL, 1, '2023-10-13 04:18:09', '2023-10-13 04:18:09', 'voyager.dashboard', NULL),
(2, 1, 'Media', '', '_self', 'voyager-images', NULL, NULL, 5, '2023-10-13 04:18:09', '2023-10-13 04:18:09', 'voyager.media.index', NULL),
(3, 1, 'Users', '', '_self', 'voyager-person', NULL, NULL, 3, '2023-10-13 04:18:09', '2023-10-13 04:18:09', 'voyager.users.index', NULL),
(4, 1, 'Roles', '', '_self', 'voyager-lock', NULL, NULL, 2, '2023-10-13 04:18:09', '2023-10-13 04:18:09', 'voyager.roles.index', NULL),
(5, 1, 'Tools', '', '_self', 'voyager-tools', NULL, NULL, 9, '2023-10-13 04:18:09', '2023-10-13 04:18:09', NULL, NULL),
(6, 1, 'Menu Builder', '', '_self', 'voyager-list', NULL, 5, 10, '2023-10-13 04:18:09', '2023-10-13 04:18:09', 'voyager.menus.index', NULL),
(7, 1, 'Database', '', '_self', 'voyager-data', NULL, 5, 11, '2023-10-13 04:18:09', '2023-10-13 04:18:09', 'voyager.database.index', NULL),
(8, 1, 'Compass', '', '_self', 'voyager-compass', NULL, 5, 12, '2023-10-13 04:18:09', '2023-10-13 04:18:09', 'voyager.compass.index', NULL),
(9, 1, 'BREAD', '', '_self', 'voyager-bread', NULL, 5, 13, '2023-10-13 04:18:09', '2023-10-13 04:18:09', 'voyager.bread.index', NULL),
(10, 1, 'Settings', '', '_self', 'voyager-settings', NULL, NULL, 14, '2023-10-13 04:18:09', '2023-10-13 04:18:09', 'voyager.settings.index', NULL),
(11, 1, 'Greatday', '', '_self', 'voyager-people', NULL, NULL, 15, '2023-10-13 04:21:39', '2023-10-13 04:21:39', 'voyager.tb-greatday.index', NULL),
(12, 1, 'Data Timesheet', '', '_self', 'voyager-file-text', '#000000', NULL, 16, '2023-10-13 06:19:47', '2023-10-13 06:20:38', 'voyager.tb-timesheet.index', 'null');

-- --------------------------------------------------------

--
-- Table structure for table `migrations`
--

CREATE TABLE `migrations` (
  `id` int(10) UNSIGNED NOT NULL,
  `migration` varchar(255) NOT NULL,
  `batch` int(11) NOT NULL
) ENGINE=InnoDB DEFAULT CHARSET=utf8mb4 COLLATE=utf8mb4_unicode_ci;

--
-- Dumping data for table `migrations`
--

INSERT INTO `migrations` (`id`, `migration`, `batch`) VALUES
(1, '2014_10_12_000000_create_users_table', 1),
(2, '2014_10_12_100000_create_password_resets_table', 1),
(3, '2019_08_19_000000_create_failed_jobs_table', 1),
(4, '2019_12_14_000001_create_personal_access_tokens_table', 1),
(5, '2023_10_06_124818_create_log_greatdays_table', 1),
(6, '2023_10_06_132310_create_log_token_auths_table', 2),
(7, '2023_10_10_052402_create_tb_employees_table', 2),
(8, '2023_10_13_100931_create_tb_employe_drivers_table', 3),
(9, '2023_10_13_102925_create_tb_greatdays_table', 3),
(10, '2023_10_13_103014_create_tb_sigaps_table', 3),
(11, '2023_10_13_103038_create_tb_timesheets_table', 3),
(12, '2016_01_01_000000_add_voyager_user_fields', 4),
(13, '2016_01_01_000000_create_data_types_table', 4),
(14, '2016_05_19_173453_create_menu_table', 4),
(15, '2016_10_21_190000_create_roles_table', 4),
(16, '2016_10_21_190000_create_settings_table', 4),
(17, '2016_11_30_135954_create_permission_table', 4),
(18, '2016_11_30_141208_create_permission_role_table', 4),
(19, '2016_12_26_201236_data_types__add__server_side', 4),
(20, '2017_01_13_000000_add_route_to_menu_items_table', 4),
(21, '2017_01_14_005015_create_translations_table', 4),
(22, '2017_01_15_000000_make_table_name_nullable_in_permissions_table', 4),
(23, '2017_03_06_000000_add_controller_to_data_types_table', 4),
(24, '2017_04_21_000000_add_order_to_data_rows_table', 4),
(25, '2017_07_05_210000_add_policyname_to_data_types_table', 4),
(26, '2017_08_05_000000_add_group_to_settings_table', 4),
(27, '2017_11_26_013050_add_user_role_relationship', 4),
(28, '2017_11_26_015000_create_user_roles_table', 4),
(29, '2018_03_11_000000_add_user_settings', 4),
(30, '2018_03_14_000000_add_details_to_data_types_table', 4),
(31, '2018_03_16_000000_make_settings_value_nullable', 4),
(32, '2023_10_18_114438_create_tests_table', 5);

-- --------------------------------------------------------

--
-- Table structure for table `password_resets`
--

CREATE TABLE `password_resets` (
  `email` varchar(255) NOT NULL,
  `token` varchar(255) NOT NULL,
  `created_at` timestamp NULL DEFAULT NULL
) ENGINE=InnoDB DEFAULT CHARSET=utf8mb4 COLLATE=utf8mb4_unicode_ci;

-- --------------------------------------------------------

--
-- Table structure for table `permissions`
--

CREATE TABLE `permissions` (
  `id` bigint(20) UNSIGNED NOT NULL,
  `key` varchar(255) NOT NULL,
  `table_name` varchar(255) DEFAULT NULL,
  `created_at` timestamp NULL DEFAULT NULL,
  `updated_at` timestamp NULL DEFAULT NULL
) ENGINE=InnoDB DEFAULT CHARSET=utf8mb4 COLLATE=utf8mb4_unicode_ci;

--
-- Dumping data for table `permissions`
--

INSERT INTO `permissions` (`id`, `key`, `table_name`, `created_at`, `updated_at`) VALUES
(1, 'browse_admin', NULL, '2023-10-13 04:18:09', '2023-10-13 04:18:09'),
(2, 'browse_bread', NULL, '2023-10-13 04:18:09', '2023-10-13 04:18:09'),
(3, 'browse_database', NULL, '2023-10-13 04:18:09', '2023-10-13 04:18:09'),
(4, 'browse_media', NULL, '2023-10-13 04:18:09', '2023-10-13 04:18:09'),
(5, 'browse_compass', NULL, '2023-10-13 04:18:09', '2023-10-13 04:18:09'),
(6, 'browse_menus', 'menus', '2023-10-13 04:18:09', '2023-10-13 04:18:09'),
(7, 'read_menus', 'menus', '2023-10-13 04:18:09', '2023-10-13 04:18:09'),
(8, 'edit_menus', 'menus', '2023-10-13 04:18:09', '2023-10-13 04:18:09'),
(9, 'add_menus', 'menus', '2023-10-13 04:18:09', '2023-10-13 04:18:09'),
(10, 'delete_menus', 'menus', '2023-10-13 04:18:09', '2023-10-13 04:18:09'),
(11, 'browse_roles', 'roles', '2023-10-13 04:18:09', '2023-10-13 04:18:09'),
(12, 'read_roles', 'roles', '2023-10-13 04:18:09', '2023-10-13 04:18:09'),
(13, 'edit_roles', 'roles', '2023-10-13 04:18:09', '2023-10-13 04:18:09'),
(14, 'add_roles', 'roles', '2023-10-13 04:18:09', '2023-10-13 04:18:09'),
(15, 'delete_roles', 'roles', '2023-10-13 04:18:09', '2023-10-13 04:18:09'),
(16, 'browse_users', 'users', '2023-10-13 04:18:09', '2023-10-13 04:18:09'),
(17, 'read_users', 'users', '2023-10-13 04:18:09', '2023-10-13 04:18:09'),
(18, 'edit_users', 'users', '2023-10-13 04:18:09', '2023-10-13 04:18:09'),
(19, 'add_users', 'users', '2023-10-13 04:18:09', '2023-10-13 04:18:09'),
(20, 'delete_users', 'users', '2023-10-13 04:18:09', '2023-10-13 04:18:09'),
(21, 'browse_settings', 'settings', '2023-10-13 04:18:09', '2023-10-13 04:18:09'),
(22, 'read_settings', 'settings', '2023-10-13 04:18:09', '2023-10-13 04:18:09'),
(23, 'edit_settings', 'settings', '2023-10-13 04:18:09', '2023-10-13 04:18:09'),
(24, 'add_settings', 'settings', '2023-10-13 04:18:09', '2023-10-13 04:18:09'),
(25, 'delete_settings', 'settings', '2023-10-13 04:18:09', '2023-10-13 04:18:09'),
(26, 'browse_tb_greatday', 'tb_greatday', '2023-10-13 04:21:39', '2023-10-13 04:21:39'),
(27, 'read_tb_greatday', 'tb_greatday', '2023-10-13 04:21:39', '2023-10-13 04:21:39'),
(28, 'edit_tb_greatday', 'tb_greatday', '2023-10-13 04:21:39', '2023-10-13 04:21:39'),
(29, 'add_tb_greatday', 'tb_greatday', '2023-10-13 04:21:39', '2023-10-13 04:21:39'),
(30, 'delete_tb_greatday', 'tb_greatday', '2023-10-13 04:21:39', '2023-10-13 04:21:39'),
(31, 'browse_tb_timesheet', 'tb_timesheet', '2023-10-13 06:19:47', '2023-10-13 06:19:47'),
(32, 'read_tb_timesheet', 'tb_timesheet', '2023-10-13 06:19:47', '2023-10-13 06:19:47'),
(33, 'edit_tb_timesheet', 'tb_timesheet', '2023-10-13 06:19:47', '2023-10-13 06:19:47'),
(34, 'add_tb_timesheet', 'tb_timesheet', '2023-10-13 06:19:47', '2023-10-13 06:19:47'),
(35, 'delete_tb_timesheet', 'tb_timesheet', '2023-10-13 06:19:47', '2023-10-13 06:19:47');

-- --------------------------------------------------------

--
-- Table structure for table `permission_role`
--

CREATE TABLE `permission_role` (
  `permission_id` bigint(20) UNSIGNED NOT NULL,
  `role_id` bigint(20) UNSIGNED NOT NULL
) ENGINE=InnoDB DEFAULT CHARSET=utf8mb4 COLLATE=utf8mb4_unicode_ci;

--
-- Dumping data for table `permission_role`
--

INSERT INTO `permission_role` (`permission_id`, `role_id`) VALUES
(1, 1),
(2, 1),
(3, 1),
(4, 1),
(5, 1),
(6, 1),
(7, 1),
(8, 1),
(9, 1),
(10, 1),
(11, 1),
(12, 1),
(13, 1),
(14, 1),
(15, 1),
(16, 1),
(17, 1),
(18, 1),
(19, 1),
(20, 1),
(21, 1),
(22, 1),
(23, 1),
(24, 1),
(25, 1),
(26, 1),
(27, 1),
(28, 1),
(29, 1),
(30, 1),
(31, 1),
(32, 1),
(33, 1),
(34, 1),
(35, 1);

-- --------------------------------------------------------

--
-- Table structure for table `personal_access_tokens`
--

CREATE TABLE `personal_access_tokens` (
  `id` bigint(20) UNSIGNED NOT NULL,
  `tokenable_type` varchar(255) NOT NULL,
  `tokenable_id` bigint(20) UNSIGNED NOT NULL,
  `name` varchar(255) NOT NULL,
  `token` varchar(64) NOT NULL,
  `abilities` text DEFAULT NULL,
  `last_used_at` timestamp NULL DEFAULT NULL,
  `expires_at` timestamp NULL DEFAULT NULL,
  `created_at` timestamp NULL DEFAULT NULL,
  `updated_at` timestamp NULL DEFAULT NULL
) ENGINE=InnoDB DEFAULT CHARSET=utf8mb4 COLLATE=utf8mb4_unicode_ci;

-- --------------------------------------------------------

--
-- Table structure for table `roles`
--

CREATE TABLE `roles` (
  `id` bigint(20) UNSIGNED NOT NULL,
  `name` varchar(255) NOT NULL,
  `display_name` varchar(255) NOT NULL,
  `created_at` timestamp NULL DEFAULT NULL,
  `updated_at` timestamp NULL DEFAULT NULL
) ENGINE=InnoDB DEFAULT CHARSET=utf8mb4 COLLATE=utf8mb4_unicode_ci;

--
-- Dumping data for table `roles`
--

INSERT INTO `roles` (`id`, `name`, `display_name`, `created_at`, `updated_at`) VALUES
(1, 'admin', 'Administrator', '2023-10-13 04:18:09', '2023-10-13 04:18:09'),
(2, 'user', 'Normal User', '2023-10-13 04:18:09', '2023-10-13 04:18:09');

-- --------------------------------------------------------

--
-- Table structure for table `tb_employees`
--

CREATE TABLE `tb_employees` (
  `id` bigint(20) UNSIGNED NOT NULL,
  `fullname` varchar(255) DEFAULT NULL,
  `empid` varchar(255) DEFAULT NULL,
  `empno` varchar(255) DEFAULT NULL,
  `posnameen` varchar(255) DEFAULT NULL,
  `created_at` timestamp NULL DEFAULT NULL,
  `updated_at` timestamp NULL DEFAULT NULL
) ENGINE=InnoDB DEFAULT CHARSET=utf8mb4 COLLATE=utf8mb4_unicode_ci;

--
-- Dumping data for table `tb_employees`
--

INSERT INTO `tb_employees` (`id`, `fullname`, `empid`, `empno`, `posnameen`, `created_at`, `updated_at`) VALUES
(1, 'Ferry Chrisnandika', 'DO230003', 'I19091', 'Internal', '2023-10-10 02:32:31', '2023-10-10 02:32:31'),
(2, 'Ivan Prihartono', 'DO230004', 'I140301', 'Internal', '2023-10-10 02:32:31', '2023-10-10 02:32:31'),
(3, 'Jennifer', 'DO230005', 'I16091', 'Internal', '2023-10-10 02:32:31', '2023-10-10 02:32:31'),
(4, 'Warsono', 'DO230008', 'I05071', 'Internal', '2023-10-10 02:32:31', '2023-10-10 02:32:31'),
(5, 'Sumiyasih', 'DO230010', 'I03031', 'Internal', '2023-10-10 02:32:31', '2023-10-10 02:32:31'),
(6, 'Heri Prasetyo', 'DO230011', 'I15101', 'Internal', '2023-10-10 02:32:31', '2023-10-10 02:32:31'),
(7, 'Irma Sari Narulita', 'DO230012', 'I17041', 'Internal', '2023-10-10 02:32:31', '2023-10-10 02:32:31'),
(8, 'Muhamad Mulyadi', 'DO230013', 'I08061', 'Internal', '2023-10-10 02:32:31', '2023-10-10 02:32:31'),
(9, 'Maya Maziah', 'DO230014', 'I15021', 'Internal', '2023-10-10 02:32:31', '2023-10-10 02:32:31'),
(10, 'Roy Krisna', 'DO230015', 'I19011', 'Internal', '2023-10-10 02:32:31', '2023-10-10 02:32:31'),
(11, 'Bagus Wisnu Dewo Broto', 'DO230016', 'I22071', 'Internal', '2023-10-10 02:32:31', '2023-10-10 02:32:31'),
(12, 'Munandar', 'DO230017', 'I15071', 'Internal', '2023-10-10 02:32:31', '2023-10-10 02:32:31'),
(13, 'Ari Wibowo', 'DO230019', 'I18011', 'Internal', '2023-10-10 02:32:31', '2023-10-10 02:32:31'),
(14, 'Tengku Alfarizi', 'DO230020', 'I20091', 'Internal', '2023-10-10 02:32:31', '2023-10-10 02:32:31'),
(15, 'Sindu Adrianta', 'DO230541', 'I11021', 'Internal', '2023-10-10 02:32:31', '2023-10-10 02:32:31'),
(16, 'Mulyo Prihartanto', 'DO230542', 'I16081', 'Internal', '2023-10-10 02:32:31', '2023-10-10 02:32:31'),
(17, 'Ahmad Zulfikar', 'DO230543', 'I17042', 'Internal', '2023-10-10 02:32:31', '2023-10-10 02:32:31'),
(18, 'Wandi Suhendi', 'DO230545', 'I14111', 'Internal', '2023-10-10 02:32:31', '2023-10-10 02:32:31'),
(19, 'Haryani', 'DO230546', 'I15031', 'Internal', '2023-10-10 02:32:31', '2023-10-10 02:32:31'),
(20, 'Damar Widhiwidhana', 'DO230566', 'I230901', 'Internal', '2023-10-10 02:32:31', '2023-10-10 02:32:31'),
(21, 'Ferry Chrisnandika', 'DO230003', 'I19091', 'Internal', '2023-10-11 18:37:19', '2023-10-11 18:37:19'),
(22, 'Ivan Prihartono', 'DO230004', 'I140301', 'Internal', '2023-10-11 18:37:19', '2023-10-11 18:37:19'),
(23, 'Jennifer', 'DO230005', 'I16091', 'Internal', '2023-10-11 18:37:19', '2023-10-11 18:37:19'),
(24, 'Warsono', 'DO230008', 'I05071', 'Internal', '2023-10-11 18:37:19', '2023-10-11 18:37:19'),
(25, 'Sumiyasih', 'DO230010', 'I03031', 'Internal', '2023-10-11 18:37:19', '2023-10-11 18:37:19'),
(26, 'Heri Prasetyo', 'DO230011', 'I15101', 'Internal', '2023-10-11 18:37:19', '2023-10-11 18:37:19'),
(27, 'Irma Sari Narulita', 'DO230012', 'I17041', 'Internal', '2023-10-11 18:37:19', '2023-10-11 18:37:19'),
(28, 'Muhamad Mulyadi', 'DO230013', 'I08061', 'Internal', '2023-10-11 18:37:19', '2023-10-11 18:37:19'),
(29, 'Maya Maziah', 'DO230014', 'I15021', 'Internal', '2023-10-11 18:37:19', '2023-10-11 18:37:19'),
(30, 'Roy Krisna', 'DO230015', 'I19011', 'Internal', '2023-10-11 18:37:19', '2023-10-11 18:37:19'),
(31, 'Bagus Wisnu Dewo Broto', 'DO230016', 'I22071', 'Internal', '2023-10-11 18:37:19', '2023-10-11 18:37:19'),
(32, 'Munandar', 'DO230017', 'I15071', 'Internal', '2023-10-11 18:37:19', '2023-10-11 18:37:19'),
(33, 'Ari Wibowo', 'DO230019', 'I18011', 'Internal', '2023-10-11 18:37:19', '2023-10-11 18:37:19'),
(34, 'Tengku Alfarizi', 'DO230020', 'I20091', 'Internal', '2023-10-11 18:37:19', '2023-10-11 18:37:19'),
(35, 'Sindu Adrianta', 'DO230541', 'I11021', 'Internal', '2023-10-11 18:37:19', '2023-10-11 18:37:19'),
(36, 'Mulyo Prihartanto', 'DO230542', 'I16081', 'Internal', '2023-10-11 18:37:19', '2023-10-11 18:37:19'),
(37, 'Ahmad Zulfikar', 'DO230543', 'I17042', 'Internal', '2023-10-11 18:37:19', '2023-10-11 18:37:19'),
(38, 'Wandi Suhendi', 'DO230545', 'I14111', 'Internal', '2023-10-11 18:37:19', '2023-10-11 18:37:19'),
(39, 'Haryani', 'DO230546', 'I15031', 'Internal', '2023-10-11 18:37:19', '2023-10-11 18:37:19'),
(40, 'Damar Widhiwidhana', 'DO230566', 'I230901', 'Internal', '2023-10-11 18:37:19', '2023-10-11 18:37:19'),
(41, 'Ferry Chrisnandika', 'DO230003', 'I19091', 'Internal', '2023-10-11 19:42:30', '2023-10-11 19:42:30'),
(42, 'Ivan Prihartono', 'DO230004', 'I140301', 'Internal', '2023-10-11 19:42:30', '2023-10-11 19:42:30'),
(43, 'Jennifer', 'DO230005', 'I16091', 'Internal', '2023-10-11 19:42:30', '2023-10-11 19:42:30'),
(44, 'Warsono', 'DO230008', 'I05071', 'Internal', '2023-10-11 19:42:30', '2023-10-11 19:42:30'),
(45, 'Sumiyasih', 'DO230010', 'I03031', 'Internal', '2023-10-11 19:42:30', '2023-10-11 19:42:30'),
(46, 'Heri Prasetyo', 'DO230011', 'I15101', 'Internal', '2023-10-11 19:42:30', '2023-10-11 19:42:30'),
(47, 'Irma Sari Narulita', 'DO230012', 'I17041', 'Internal', '2023-10-11 19:42:30', '2023-10-11 19:42:30'),
(48, 'Muhamad Mulyadi', 'DO230013', 'I08061', 'Internal', '2023-10-11 19:42:30', '2023-10-11 19:42:30'),
(49, 'Maya Maziah', 'DO230014', 'I15021', 'Internal', '2023-10-11 19:42:30', '2023-10-11 19:42:30'),
(50, 'Roy Krisna', 'DO230015', 'I19011', 'Internal', '2023-10-11 19:42:30', '2023-10-11 19:42:30'),
(51, 'Bagus Wisnu Dewo Broto', 'DO230016', 'I22071', 'Internal', '2023-10-11 19:42:30', '2023-10-11 19:42:30'),
(52, 'Munandar', 'DO230017', 'I15071', 'Internal', '2023-10-11 19:42:30', '2023-10-11 19:42:30'),
(53, 'Ari Wibowo', 'DO230019', 'I18011', 'Internal', '2023-10-11 19:42:30', '2023-10-11 19:42:30'),
(54, 'Tengku Alfarizi', 'DO230020', 'I20091', 'Internal', '2023-10-11 19:42:30', '2023-10-11 19:42:30'),
(55, 'Sindu Adrianta', 'DO230541', 'I11021', 'Internal', '2023-10-11 19:42:30', '2023-10-11 19:42:30'),
(56, 'Mulyo Prihartanto', 'DO230542', 'I16081', 'Internal', '2023-10-11 19:42:30', '2023-10-11 19:42:30'),
(57, 'Ahmad Zulfikar', 'DO230543', 'I17042', 'Internal', '2023-10-11 19:42:30', '2023-10-11 19:42:30'),
(58, 'Wandi Suhendi', 'DO230545', 'I14111', 'Internal', '2023-10-11 19:42:30', '2023-10-11 19:42:30'),
(59, 'Haryani', 'DO230546', 'I15031', 'Internal', '2023-10-11 19:42:30', '2023-10-11 19:42:30'),
(60, 'Damar Widhiwidhana', 'DO230566', 'I230901', 'Internal', '2023-10-11 19:42:30', '2023-10-11 19:42:30'),
(61, 'Ferry Chrisnandika', 'DO230003', 'I19091', 'Internal', '2023-10-11 19:43:42', '2023-10-11 19:43:42'),
(62, 'Ivan Prihartono', 'DO230004', 'I140301', 'Internal', '2023-10-11 19:43:42', '2023-10-11 19:43:42'),
(63, 'Jennifer', 'DO230005', 'I16091', 'Internal', '2023-10-11 19:43:42', '2023-10-11 19:43:42'),
(64, 'Warsono', 'DO230008', 'I05071', 'Internal', '2023-10-11 19:43:42', '2023-10-11 19:43:42'),
(65, 'Sumiyasih', 'DO230010', 'I03031', 'Internal', '2023-10-11 19:43:42', '2023-10-11 19:43:42'),
(66, 'Heri Prasetyo', 'DO230011', 'I15101', 'Internal', '2023-10-11 19:43:42', '2023-10-11 19:43:42'),
(67, 'Irma Sari Narulita', 'DO230012', 'I17041', 'Internal', '2023-10-11 19:43:42', '2023-10-11 19:43:42'),
(68, 'Muhamad Mulyadi', 'DO230013', 'I08061', 'Internal', '2023-10-11 19:43:42', '2023-10-11 19:43:42'),
(69, 'Maya Maziah', 'DO230014', 'I15021', 'Internal', '2023-10-11 19:43:42', '2023-10-11 19:43:42'),
(70, 'Roy Krisna', 'DO230015', 'I19011', 'Internal', '2023-10-11 19:43:42', '2023-10-11 19:43:42'),
(71, 'Bagus Wisnu Dewo Broto', 'DO230016', 'I22071', 'Internal', '2023-10-11 19:43:42', '2023-10-11 19:43:42'),
(72, 'Munandar', 'DO230017', 'I15071', 'Internal', '2023-10-11 19:43:42', '2023-10-11 19:43:42'),
(73, 'Ari Wibowo', 'DO230019', 'I18011', 'Internal', '2023-10-11 19:43:42', '2023-10-11 19:43:42'),
(74, 'Tengku Alfarizi', 'DO230020', 'I20091', 'Internal', '2023-10-11 19:43:42', '2023-10-11 19:43:42'),
(75, 'Sindu Adrianta', 'DO230541', 'I11021', 'Internal', '2023-10-11 19:43:42', '2023-10-11 19:43:42'),
(76, 'Mulyo Prihartanto', 'DO230542', 'I16081', 'Internal', '2023-10-11 19:43:42', '2023-10-11 19:43:42'),
(77, 'Ahmad Zulfikar', 'DO230543', 'I17042', 'Internal', '2023-10-11 19:43:42', '2023-10-11 19:43:42'),
(78, 'Wandi Suhendi', 'DO230545', 'I14111', 'Internal', '2023-10-11 19:43:42', '2023-10-11 19:43:42'),
(79, 'Haryani', 'DO230546', 'I15031', 'Internal', '2023-10-11 19:43:42', '2023-10-11 19:43:42'),
(80, 'Damar Widhiwidhana', 'DO230566', 'I230901', 'Internal', '2023-10-11 19:43:42', '2023-10-11 19:43:42'),
(81, 'Ferry Chrisnandika', 'DO230003', 'I19091', 'Internal', '2023-10-11 19:49:48', '2023-10-11 19:49:48'),
(82, 'Ivan Prihartono', 'DO230004', 'I140301', 'Internal', '2023-10-11 19:49:48', '2023-10-11 19:49:48'),
(83, 'Jennifer', 'DO230005', 'I16091', 'Internal', '2023-10-11 19:49:48', '2023-10-11 19:49:48'),
(84, 'Warsono', 'DO230008', 'I05071', 'Internal', '2023-10-11 19:49:48', '2023-10-11 19:49:48'),
(85, 'Sumiyasih', 'DO230010', 'I03031', 'Internal', '2023-10-11 19:49:48', '2023-10-11 19:49:48'),
(86, 'Heri Prasetyo', 'DO230011', 'I15101', 'Internal', '2023-10-11 19:49:48', '2023-10-11 19:49:48'),
(87, 'Irma Sari Narulita', 'DO230012', 'I17041', 'Internal', '2023-10-11 19:49:48', '2023-10-11 19:49:48'),
(88, 'Muhamad Mulyadi', 'DO230013', 'I08061', 'Internal', '2023-10-11 19:49:48', '2023-10-11 19:49:48'),
(89, 'Maya Maziah', 'DO230014', 'I15021', 'Internal', '2023-10-11 19:49:48', '2023-10-11 19:49:48'),
(90, 'Roy Krisna', 'DO230015', 'I19011', 'Internal', '2023-10-11 19:49:48', '2023-10-11 19:49:48'),
(91, 'Bagus Wisnu Dewo Broto', 'DO230016', 'I22071', 'Internal', '2023-10-11 19:49:48', '2023-10-11 19:49:48'),
(92, 'Munandar', 'DO230017', 'I15071', 'Internal', '2023-10-11 19:49:48', '2023-10-11 19:49:48'),
(93, 'Ari Wibowo', 'DO230019', 'I18011', 'Internal', '2023-10-11 19:49:48', '2023-10-11 19:49:48'),
(94, 'Tengku Alfarizi', 'DO230020', 'I20091', 'Internal', '2023-10-11 19:49:48', '2023-10-11 19:49:48'),
(95, 'Sindu Adrianta', 'DO230541', 'I11021', 'Internal', '2023-10-11 19:49:48', '2023-10-11 19:49:48'),
(96, 'Mulyo Prihartanto', 'DO230542', 'I16081', 'Internal', '2023-10-11 19:49:48', '2023-10-11 19:49:48'),
(97, 'Ahmad Zulfikar', 'DO230543', 'I17042', 'Internal', '2023-10-11 19:49:48', '2023-10-11 19:49:48'),
(98, 'Wandi Suhendi', 'DO230545', 'I14111', 'Internal', '2023-10-11 19:49:48', '2023-10-11 19:49:48'),
(99, 'Haryani', 'DO230546', 'I15031', 'Internal', '2023-10-11 19:49:48', '2023-10-11 19:49:48'),
(100, 'Damar Widhiwidhana', 'DO230566', 'I230901', 'Internal', '2023-10-11 19:49:48', '2023-10-11 19:49:48'),
(101, 'Ferry Chrisnandika', 'DO230003', 'I19091', 'Internal', '2023-10-11 23:27:26', '2023-10-11 23:27:26'),
(102, 'Ivan Prihartono', 'DO230004', 'I140301', 'Internal', '2023-10-11 23:27:26', '2023-10-11 23:27:26'),
(103, 'Jennifer', 'DO230005', 'I16091', 'Internal', '2023-10-11 23:27:26', '2023-10-11 23:27:26'),
(104, 'Warsono', 'DO230008', 'I05071', 'Internal', '2023-10-11 23:27:26', '2023-10-11 23:27:26'),
(105, 'Sumiyasih', 'DO230010', 'I03031', 'Internal', '2023-10-11 23:27:26', '2023-10-11 23:27:26'),
(106, 'Heri Prasetyo', 'DO230011', 'I15101', 'Internal', '2023-10-11 23:27:26', '2023-10-11 23:27:26'),
(107, 'Irma Sari Narulita', 'DO230012', 'I17041', 'Internal', '2023-10-11 23:27:26', '2023-10-11 23:27:26'),
(108, 'Muhamad Mulyadi', 'DO230013', 'I08061', 'Internal', '2023-10-11 23:27:26', '2023-10-11 23:27:26'),
(109, 'Maya Maziah', 'DO230014', 'I15021', 'Internal', '2023-10-11 23:27:26', '2023-10-11 23:27:26'),
(110, 'Roy Krisna', 'DO230015', 'I19011', 'Internal', '2023-10-11 23:27:26', '2023-10-11 23:27:26'),
(111, 'Bagus Wisnu Dewo Broto', 'DO230016', 'I22071', 'Internal', '2023-10-11 23:27:26', '2023-10-11 23:27:26'),
(112, 'Munandar', 'DO230017', 'I15071', 'Internal', '2023-10-11 23:27:26', '2023-10-11 23:27:26'),
(113, 'Ari Wibowo', 'DO230019', 'I18011', 'Internal', '2023-10-11 23:27:26', '2023-10-11 23:27:26'),
(114, 'Tengku Alfarizi', 'DO230020', 'I20091', 'Internal', '2023-10-11 23:27:26', '2023-10-11 23:27:26'),
(115, 'Sindu Adrianta', 'DO230541', 'I11021', 'Internal', '2023-10-11 23:27:26', '2023-10-11 23:27:26'),
(116, 'Mulyo Prihartanto', 'DO230542', 'I16081', 'Internal', '2023-10-11 23:27:26', '2023-10-11 23:27:26'),
(117, 'Ahmad Zulfikar', 'DO230543', 'I17042', 'Internal', '2023-10-11 23:27:26', '2023-10-11 23:27:26'),
(118, 'Wandi Suhendi', 'DO230545', 'I14111', 'Internal', '2023-10-11 23:27:26', '2023-10-11 23:27:26'),
(119, 'Haryani', 'DO230546', 'I15031', 'Internal', '2023-10-11 23:27:26', '2023-10-11 23:27:26'),
(120, 'Damar Widhiwidhana', 'DO230566', 'I230901', 'Internal', '2023-10-11 23:27:26', '2023-10-11 23:27:26'),
(121, 'Ferry Chrisnandika', 'DO230003', 'I19091', 'Internal', '2023-10-12 01:35:14', '2023-10-12 01:35:14'),
(122, 'Ivan Prihartono', 'DO230004', 'I140301', 'Internal', '2023-10-12 01:35:14', '2023-10-12 01:35:14'),
(123, 'Jennifer', 'DO230005', 'I16091', 'Internal', '2023-10-12 01:35:14', '2023-10-12 01:35:14'),
(124, 'Warsono', 'DO230008', 'I05071', 'Internal', '2023-10-12 01:35:14', '2023-10-12 01:35:14'),
(125, 'Sumiyasih', 'DO230010', 'I03031', 'Internal', '2023-10-12 01:35:14', '2023-10-12 01:35:14'),
(126, 'Heri Prasetyo', 'DO230011', 'I15101', 'Internal', '2023-10-12 01:35:14', '2023-10-12 01:35:14'),
(127, 'Irma Sari Narulita', 'DO230012', 'I17041', 'Internal', '2023-10-12 01:35:14', '2023-10-12 01:35:14'),
(128, 'Muhamad Mulyadi', 'DO230013', 'I08061', 'Internal', '2023-10-12 01:35:14', '2023-10-12 01:35:14'),
(129, 'Maya Maziah', 'DO230014', 'I15021', 'Internal', '2023-10-12 01:35:14', '2023-10-12 01:35:14'),
(130, 'Roy Krisna', 'DO230015', 'I19011', 'Internal', '2023-10-12 01:35:14', '2023-10-12 01:35:14'),
(131, 'Bagus Wisnu Dewo Broto', 'DO230016', 'I22071', 'Internal', '2023-10-12 01:35:14', '2023-10-12 01:35:14'),
(132, 'Munandar', 'DO230017', 'I15071', 'Internal', '2023-10-12 01:35:14', '2023-10-12 01:35:14'),
(133, 'Ari Wibowo', 'DO230019', 'I18011', 'Internal', '2023-10-12 01:35:14', '2023-10-12 01:35:14'),
(134, 'Tengku Alfarizi', 'DO230020', 'I20091', 'Internal', '2023-10-12 01:35:14', '2023-10-12 01:35:14'),
(135, 'Sindu Adrianta', 'DO230541', 'I11021', 'Internal', '2023-10-12 01:35:14', '2023-10-12 01:35:14'),
(136, 'Mulyo Prihartanto', 'DO230542', 'I16081', 'Internal', '2023-10-12 01:35:14', '2023-10-12 01:35:14'),
(137, 'Ahmad Zulfikar', 'DO230543', 'I17042', 'Internal', '2023-10-12 01:35:14', '2023-10-12 01:35:14'),
(138, 'Wandi Suhendi', 'DO230545', 'I14111', 'Internal', '2023-10-12 01:35:14', '2023-10-12 01:35:14'),
(139, 'Haryani', 'DO230546', 'I15031', 'Internal', '2023-10-12 01:35:14', '2023-10-12 01:35:14'),
(140, 'Damar Widhiwidhana', 'DO230566', 'I230901', 'Internal', '2023-10-12 01:35:14', '2023-10-12 01:35:14'),
(141, 'Ferry Chrisnandika', 'DO230003', 'I19091', 'Internal', '2023-10-19 20:47:43', '2023-10-19 20:47:43'),
(142, 'Ivan Prihartono', 'DO230004', 'I140301', 'Internal', '2023-10-19 20:47:43', '2023-10-19 20:47:43'),
(143, 'Jennifer', 'DO230005', 'I16091', 'Internal', '2023-10-19 20:47:43', '2023-10-19 20:47:43'),
(144, 'Warsono', 'DO230008', 'I05071', 'Internal', '2023-10-19 20:47:43', '2023-10-19 20:47:43'),
(145, 'Sumiyasih', 'DO230010', 'I03031', 'Internal', '2023-10-19 20:47:43', '2023-10-19 20:47:43'),
(146, 'Heri Prasetyo', 'DO230011', 'I15101', 'Internal', '2023-10-19 20:47:43', '2023-10-19 20:47:43'),
(147, 'Irma Sari Narulita', 'DO230012', 'I17041', 'Internal', '2023-10-19 20:47:43', '2023-10-19 20:47:43'),
(148, 'Muhamad Mulyadi', 'DO230013', 'I08061', 'Internal', '2023-10-19 20:47:43', '2023-10-19 20:47:43'),
(149, 'Maya Maziah', 'DO230014', 'I15021', 'Internal', '2023-10-19 20:47:43', '2023-10-19 20:47:43'),
(150, 'Roy Krisna', 'DO230015', 'I19011', 'Internal', '2023-10-19 20:47:43', '2023-10-19 20:47:43'),
(151, 'Bagus Wisnu Dewo Broto', 'DO230016', 'I22071', 'Internal', '2023-10-19 20:47:43', '2023-10-19 20:47:43'),
(152, 'Munandar', 'DO230017', 'I15071', 'Internal', '2023-10-19 20:47:43', '2023-10-19 20:47:43'),
(153, 'Ari Wibowo', 'DO230019', 'I18011', 'Internal', '2023-10-19 20:47:43', '2023-10-19 20:47:43'),
(154, 'Tengku Alfarizi', 'DO230020', 'I20091', 'Internal', '2023-10-19 20:47:43', '2023-10-19 20:47:43'),
(155, 'Sindu Adrianta', 'DO230541', 'I11021', 'Internal', '2023-10-19 20:47:43', '2023-10-19 20:47:43'),
(156, 'Mulyo Prihartanto', 'DO230542', 'I16081', 'Internal', '2023-10-19 20:47:43', '2023-10-19 20:47:43'),
(157, 'Ahmad Zulfikar', 'DO230543', 'I17042', 'Internal', '2023-10-19 20:47:43', '2023-10-19 20:47:43'),
(158, 'Wandi Suhendi', 'DO230545', 'I14111', 'Internal', '2023-10-19 20:47:43', '2023-10-19 20:47:43'),
(159, 'Haryani', 'DO230546', 'I15031', 'Internal', '2023-10-19 20:47:43', '2023-10-19 20:47:43'),
(160, 'Damar Widhiwidhana', 'DO230566', 'I230901', 'Internal', '2023-10-19 20:47:43', '2023-10-19 20:47:43'),
(161, 'Ferry Chrisnandika', 'DO230003', 'I19091', 'Internal', '2023-10-19 23:14:34', '2023-10-19 23:14:34'),
(162, 'Ivan Prihartono', 'DO230004', 'I140301', 'Internal', '2023-10-19 23:14:34', '2023-10-19 23:14:34'),
(163, 'Jennifer', 'DO230005', 'I16091', 'Internal', '2023-10-19 23:14:34', '2023-10-19 23:14:34'),
(164, 'Warsono', 'DO230008', 'I05071', 'Internal', '2023-10-19 23:14:34', '2023-10-19 23:14:34'),
(165, 'Sumiyasih', 'DO230010', 'I03031', 'Internal', '2023-10-19 23:14:34', '2023-10-19 23:14:34'),
(166, 'Heri Prasetyo', 'DO230011', 'I15101', 'Internal', '2023-10-19 23:14:34', '2023-10-19 23:14:34'),
(167, 'Irma Sari Narulita', 'DO230012', 'I17041', 'Internal', '2023-10-19 23:14:34', '2023-10-19 23:14:34'),
(168, 'Muhamad Mulyadi', 'DO230013', 'I08061', 'Internal', '2023-10-19 23:14:34', '2023-10-19 23:14:34'),
(169, 'Maya Maziah', 'DO230014', 'I15021', 'Internal', '2023-10-19 23:14:34', '2023-10-19 23:14:34'),
(170, 'Roy Krisna', 'DO230015', 'I19011', 'Internal', '2023-10-19 23:14:34', '2023-10-19 23:14:34'),
(171, 'Bagus Wisnu Dewo Broto', 'DO230016', 'I22071', 'Internal', '2023-10-19 23:14:34', '2023-10-19 23:14:34'),
(172, 'Munandar', 'DO230017', 'I15071', 'Internal', '2023-10-19 23:14:34', '2023-10-19 23:14:34'),
(173, 'Ari Wibowo', 'DO230019', 'I18011', 'Internal', '2023-10-19 23:14:34', '2023-10-19 23:14:34'),
(174, 'Tengku Alfarizi', 'DO230020', 'I20091', 'Internal', '2023-10-19 23:14:34', '2023-10-19 23:14:34'),
(175, 'Ferry Chrisnandika', 'DO230003', 'I19091', 'Internal', '2023-10-19 23:15:01', '2023-10-19 23:15:01'),
(176, 'Ivan Prihartono', 'DO230004', 'I140301', 'Internal', '2023-10-19 23:15:01', '2023-10-19 23:15:01'),
(177, 'Jennifer', 'DO230005', 'I16091', 'Internal', '2023-10-19 23:15:01', '2023-10-19 23:15:01'),
(178, 'Warsono', 'DO230008', 'I05071', 'Internal', '2023-10-19 23:15:01', '2023-10-19 23:15:01'),
(179, 'Sumiyasih', 'DO230010', 'I03031', 'Internal', '2023-10-19 23:15:01', '2023-10-19 23:15:01'),
(180, 'Heri Prasetyo', 'DO230011', 'I15101', 'Internal', '2023-10-19 23:15:01', '2023-10-19 23:15:01'),
(181, 'Irma Sari Narulita', 'DO230012', 'I17041', 'Internal', '2023-10-19 23:15:01', '2023-10-19 23:15:01'),
(182, 'Muhamad Mulyadi', 'DO230013', 'I08061', 'Internal', '2023-10-19 23:15:01', '2023-10-19 23:15:01'),
(183, 'Maya Maziah', 'DO230014', 'I15021', 'Internal', '2023-10-19 23:15:01', '2023-10-19 23:15:01'),
(184, 'Roy Krisna', 'DO230015', 'I19011', 'Internal', '2023-10-19 23:15:01', '2023-10-19 23:15:01'),
(185, 'Bagus Wisnu Dewo Broto', 'DO230016', 'I22071', 'Internal', '2023-10-19 23:15:01', '2023-10-19 23:15:01'),
(186, 'Munandar', 'DO230017', 'I15071', 'Internal', '2023-10-19 23:15:01', '2023-10-19 23:15:01'),
(187, 'Ari Wibowo', 'DO230019', 'I18011', 'Internal', '2023-10-19 23:15:01', '2023-10-19 23:15:01'),
(188, 'Tengku Alfarizi', 'DO230020', 'I20091', 'Internal', '2023-10-19 23:15:01', '2023-10-19 23:15:01'),
(189, 'Sindu Adrianta', 'DO230541', 'I11021', 'Internal', '2023-10-19 23:15:01', '2023-10-19 23:15:01'),
(190, 'Mulyo Prihartanto', 'DO230542', 'I16081', 'Internal', '2023-10-19 23:15:01', '2023-10-19 23:15:01'),
(191, 'Ahmad Zulfikar', 'DO230543', 'I17042', 'Internal', '2023-10-19 23:15:01', '2023-10-19 23:15:01'),
(192, 'Wandi Suhendi', 'DO230545', 'I14111', 'Internal', '2023-10-19 23:15:01', '2023-10-19 23:15:01'),
(193, 'Haryani', 'DO230546', 'I15031', 'Internal', '2023-10-19 23:15:01', '2023-10-19 23:15:01'),
(194, 'Damar Widhiwidhana', 'DO230566', 'I230901', 'Internal', '2023-10-19 23:15:01', '2023-10-19 23:15:01'),
(195, 'Ferry Chrisnandika', 'DO230003', 'I19091', 'Internal', '2023-10-19 23:21:11', '2023-10-19 23:21:11'),
(196, 'Ivan Prihartono', 'DO230004', 'I140301', 'Internal', '2023-10-19 23:21:11', '2023-10-19 23:21:11'),
(197, 'Jennifer', 'DO230005', 'I16091', 'Internal', '2023-10-19 23:21:11', '2023-10-19 23:21:11'),
(198, 'Warsono', 'DO230008', 'I05071', 'Internal', '2023-10-19 23:21:11', '2023-10-19 23:21:11'),
(199, 'Sumiyasih', 'DO230010', 'I03031', 'Internal', '2023-10-19 23:21:11', '2023-10-19 23:21:11'),
(200, 'Heri Prasetyo', 'DO230011', 'I15101', 'Internal', '2023-10-19 23:21:11', '2023-10-19 23:21:11'),
(201, 'Irma Sari Narulita', 'DO230012', 'I17041', 'Internal', '2023-10-19 23:21:11', '2023-10-19 23:21:11'),
(202, 'Muhamad Mulyadi', 'DO230013', 'I08061', 'Internal', '2023-10-19 23:21:11', '2023-10-19 23:21:11'),
(203, 'Maya Maziah', 'DO230014', 'I15021', 'Internal', '2023-10-19 23:21:11', '2023-10-19 23:21:11'),
(204, 'Roy Krisna', 'DO230015', 'I19011', 'Internal', '2023-10-19 23:21:11', '2023-10-19 23:21:11'),
(205, 'Bagus Wisnu Dewo Broto', 'DO230016', 'I22071', 'Internal', '2023-10-19 23:21:11', '2023-10-19 23:21:11'),
(206, 'Munandar', 'DO230017', 'I15071', 'Internal', '2023-10-19 23:21:11', '2023-10-19 23:21:11'),
(207, 'Ari Wibowo', 'DO230019', 'I18011', 'Internal', '2023-10-19 23:21:11', '2023-10-19 23:21:11'),
(208, 'Tengku Alfarizi', 'DO230020', 'I20091', 'Internal', '2023-10-19 23:21:11', '2023-10-19 23:21:11'),
(209, 'Sindu Adrianta', 'DO230541', 'I11021', 'Internal', '2023-10-19 23:21:11', '2023-10-19 23:21:11'),
(210, 'Mulyo Prihartanto', 'DO230542', 'I16081', 'Internal', '2023-10-19 23:21:11', '2023-10-19 23:21:11'),
(211, 'Ahmad Zulfikar', 'DO230543', 'I17042', 'Internal', '2023-10-19 23:21:11', '2023-10-19 23:21:11'),
(212, 'Wandi Suhendi', 'DO230545', 'I14111', 'Internal', '2023-10-19 23:21:11', '2023-10-19 23:21:11'),
(213, 'Haryani', 'DO230546', 'I15031', 'Internal', '2023-10-19 23:21:11', '2023-10-19 23:21:11'),
(214, 'Damar Widhiwidhana', 'DO230566', 'I230901', 'Internal', '2023-10-19 23:21:11', '2023-10-19 23:21:11'),
(215, 'Hermansyah Ali', 'DO230606', 'T1234', 'Internal', '2023-10-19 23:21:11', '2023-10-19 23:21:11');

-- --------------------------------------------------------

--
-- Table structure for table `tb_greatday`
--

CREATE TABLE `tb_greatday` (
  `user_id` bigint(20) UNSIGNED NOT NULL,
  `name` varchar(255) DEFAULT NULL,
  `empid` varchar(255) DEFAULT NULL,
  `empno` varchar(255) DEFAULT NULL,
  `pt` varchar(255) DEFAULT NULL,
  `status` int(11) NOT NULL DEFAULT 1,
  `created_at` timestamp NULL DEFAULT NULL,
  `updated_at` timestamp NULL DEFAULT NULL
) ENGINE=InnoDB DEFAULT CHARSET=utf8mb4 COLLATE=utf8mb4_unicode_ci;

--
-- Dumping data for table `tb_greatday`
--

INSERT INTO `tb_greatday` (`user_id`, `name`, `empid`, `empno`, `pt`, `status`, `created_at`, `updated_at`) VALUES
(5, 'Jennifer', '230005', '16091', 'PT test Up', 1, '2023-10-13 05:47:40', '2023-10-13 20:35:31'),
(6, 'Ivan Prihartono', '230004', '140301', 'PT Ivan', 1, '2023-10-18 06:55:36', '2023-10-18 06:55:36'),
(7, 'Hermansyah Ali', '230606', '1234', 'pt indonesia sofer solusindo', 1, '2023-10-20 05:11:48', '2023-10-20 05:11:48');

-- --------------------------------------------------------

--
-- Table structure for table `tb_sigaps`
--

CREATE TABLE `tb_sigaps` (
  `id` bigint(20) UNSIGNED NOT NULL,
  `user_id` int(11) DEFAULT NULL,
  `sigaps_id` int(11) DEFAULT NULL,
  `customer_id` int(11) DEFAULT NULL,
  `status` int(11) NOT NULL DEFAULT 1,
  `created_at` timestamp NULL DEFAULT NULL,
  `updated_at` timestamp NULL DEFAULT NULL
) ENGINE=InnoDB DEFAULT CHARSET=utf8mb4 COLLATE=utf8mb4_unicode_ci;

--
-- Dumping data for table `tb_sigaps`
--

INSERT INTO `tb_sigaps` (`id`, `user_id`, `sigaps_id`, `customer_id`, `status`, `created_at`, `updated_at`) VALUES
(1, 1, 1236, 1101, 1, '2023-10-13 04:03:27', '2023-10-13 04:03:27'),
(2, 4, 76, 7567, 1, '2023-10-13 05:43:50', '2023-10-13 05:43:50'),
(3, 5, 1236, 1101, 1, '2023-10-13 05:47:40', '2023-10-13 20:35:31'),
(4, 6, 1, 2, 1, '2023-10-18 06:55:36', '2023-10-18 06:55:36'),
(5, 7, 1236, 1101, 1, '2023-10-20 05:11:48', '2023-10-20 05:11:48');

-- --------------------------------------------------------

--
-- Table structure for table `tb_timesheet`
--

CREATE TABLE `tb_timesheet` (
  `id` bigint(20) UNSIGNED NOT NULL,
  `user_id` int(11) DEFAULT NULL,
  `tgl` varchar(100) DEFAULT NULL,
  `tgl_greatday` varchar(20) DEFAULT NULL,
  `km_in` varchar(100) DEFAULT NULL,
  `km_out` varchar(100) DEFAULT NULL,
  `lk_pp` varchar(100) DEFAULT NULL,
  `lk_inap` varchar(100) DEFAULT NULL,
  `status` int(11) NOT NULL DEFAULT 1,
  `created_at` timestamp NULL DEFAULT NULL,
  `updated_at` timestamp NULL DEFAULT NULL
) ENGINE=InnoDB DEFAULT CHARSET=utf8mb4 COLLATE=utf8mb4_unicode_ci;

--
-- Dumping data for table `tb_timesheet`
--

INSERT INTO `tb_timesheet` (`id`, `user_id`, `tgl`, `tgl_greatday`, `km_in`, `km_out`, `lk_pp`, `lk_inap`, `status`, `created_at`, `updated_at`) VALUES
(4, 7, '2023-10-20', '2023-10-20', '1200', '3000', 'bogor, bandung, garut', 'surabaya, cirebon', 1, NULL, '2023-10-20 21:43:34');

-- --------------------------------------------------------

--
-- Table structure for table `translations`
--

CREATE TABLE `translations` (
  `id` int(10) UNSIGNED NOT NULL,
  `table_name` varchar(255) NOT NULL,
  `column_name` varchar(255) NOT NULL,
  `foreign_key` int(10) UNSIGNED NOT NULL,
  `locale` varchar(255) NOT NULL,
  `value` text NOT NULL,
  `created_at` timestamp NULL DEFAULT NULL,
  `updated_at` timestamp NULL DEFAULT NULL
) ENGINE=InnoDB DEFAULT CHARSET=utf8mb4 COLLATE=utf8mb4_unicode_ci;

-- --------------------------------------------------------

--
-- Table structure for table `user_roles`
--

CREATE TABLE `user_roles` (
  `user_id` bigint(20) UNSIGNED NOT NULL,
  `role_id` bigint(20) UNSIGNED NOT NULL
) ENGINE=InnoDB DEFAULT CHARSET=utf8mb4 COLLATE=utf8mb4_unicode_ci;

--
-- Indexes for dumped tables
--

--
-- Indexes for table `data_rows`
--
ALTER TABLE `data_rows`
  ADD PRIMARY KEY (`id`),
  ADD KEY `data_rows_data_type_id_foreign` (`data_type_id`);

--
-- Indexes for table `data_types`
--
ALTER TABLE `data_types`
  ADD PRIMARY KEY (`id`),
  ADD UNIQUE KEY `data_types_name_unique` (`name`),
  ADD UNIQUE KEY `data_types_slug_unique` (`slug`);

--
-- Indexes for table `failed_jobs`
--
ALTER TABLE `failed_jobs`
  ADD PRIMARY KEY (`id`),
  ADD UNIQUE KEY `failed_jobs_uuid_unique` (`uuid`);

--
-- Indexes for table `log_greatday_siggaps`
--
ALTER TABLE `log_greatday_siggaps`
  ADD PRIMARY KEY (`id`);

--
-- Indexes for table `menus`
--
ALTER TABLE `menus`
  ADD PRIMARY KEY (`id`),
  ADD UNIQUE KEY `menus_name_unique` (`name`);

--
-- Indexes for table `menu_items`
--
ALTER TABLE `menu_items`
  ADD PRIMARY KEY (`id`),
  ADD KEY `menu_items_menu_id_foreign` (`menu_id`);

--
-- Indexes for table `migrations`
--
ALTER TABLE `migrations`
  ADD PRIMARY KEY (`id`);

--
-- Indexes for table `password_resets`
--
ALTER TABLE `password_resets`
  ADD PRIMARY KEY (`email`);

--
-- Indexes for table `permissions`
--
ALTER TABLE `permissions`
  ADD PRIMARY KEY (`id`),
  ADD KEY `permissions_key_index` (`key`);

--
-- Indexes for table `permission_role`
--
ALTER TABLE `permission_role`
  ADD PRIMARY KEY (`permission_id`,`role_id`),
  ADD KEY `permission_role_permission_id_index` (`permission_id`),
  ADD KEY `permission_role_role_id_index` (`role_id`);

--
-- Indexes for table `personal_access_tokens`
--
ALTER TABLE `personal_access_tokens`
  ADD PRIMARY KEY (`id`),
  ADD UNIQUE KEY `personal_access_tokens_token_unique` (`token`),
  ADD KEY `personal_access_tokens_tokenable_type_tokenable_id_index` (`tokenable_type`,`tokenable_id`);

--
-- Indexes for table `roles`
--
ALTER TABLE `roles`
  ADD PRIMARY KEY (`id`),
  ADD UNIQUE KEY `roles_name_unique` (`name`);

--
-- Indexes for table `tb_employees`
--
ALTER TABLE `tb_employees`
  ADD PRIMARY KEY (`id`);

--
-- Indexes for table `tb_greatday`
--
ALTER TABLE `tb_greatday`
  ADD PRIMARY KEY (`user_id`);

--
-- Indexes for table `tb_sigaps`
--
ALTER TABLE `tb_sigaps`
  ADD PRIMARY KEY (`id`);

--
-- Indexes for table `tb_timesheet`
--
ALTER TABLE `tb_timesheet`
  ADD PRIMARY KEY (`id`);

--
-- Indexes for table `translations`
--
ALTER TABLE `translations`
  ADD PRIMARY KEY (`id`),
  ADD UNIQUE KEY `translations_table_name_column_name_foreign_key_locale_unique` (`table_name`,`column_name`,`foreign_key`,`locale`);

--
-- Indexes for table `user_roles`
--
ALTER TABLE `user_roles`
  ADD PRIMARY KEY (`user_id`,`role_id`),
  ADD KEY `user_roles_user_id_index` (`user_id`),
  ADD KEY `user_roles_role_id_index` (`role_id`);

--
-- AUTO_INCREMENT for dumped tables
--

--
-- AUTO_INCREMENT for table `data_rows`
--
ALTER TABLE `data_rows`
  MODIFY `id` int(10) UNSIGNED NOT NULL AUTO_INCREMENT, AUTO_INCREMENT=38;

--
-- AUTO_INCREMENT for table `data_types`
--
ALTER TABLE `data_types`
  MODIFY `id` int(10) UNSIGNED NOT NULL AUTO_INCREMENT, AUTO_INCREMENT=6;

--
-- AUTO_INCREMENT for table `failed_jobs`
--
ALTER TABLE `failed_jobs`
  MODIFY `id` bigint(20) UNSIGNED NOT NULL AUTO_INCREMENT;

--
-- AUTO_INCREMENT for table `log_greatday_siggaps`
--
ALTER TABLE `log_greatday_siggaps`
  MODIFY `id` bigint(20) UNSIGNED NOT NULL AUTO_INCREMENT, AUTO_INCREMENT=97;

--
-- AUTO_INCREMENT for table `menus`
--
ALTER TABLE `menus`
  MODIFY `id` int(10) UNSIGNED NOT NULL AUTO_INCREMENT, AUTO_INCREMENT=2;

--
-- AUTO_INCREMENT for table `menu_items`
--
ALTER TABLE `menu_items`
  MODIFY `id` int(10) UNSIGNED NOT NULL AUTO_INCREMENT, AUTO_INCREMENT=13;

--
-- AUTO_INCREMENT for table `migrations`
--
ALTER TABLE `migrations`
  MODIFY `id` int(10) UNSIGNED NOT NULL AUTO_INCREMENT, AUTO_INCREMENT=33;

--
-- AUTO_INCREMENT for table `permissions`
--
ALTER TABLE `permissions`
  MODIFY `id` bigint(20) UNSIGNED NOT NULL AUTO_INCREMENT, AUTO_INCREMENT=36;

--
-- AUTO_INCREMENT for table `personal_access_tokens`
--
ALTER TABLE `personal_access_tokens`
  MODIFY `id` bigint(20) UNSIGNED NOT NULL AUTO_INCREMENT;

--
-- AUTO_INCREMENT for table `roles`
--
ALTER TABLE `roles`
  MODIFY `id` bigint(20) UNSIGNED NOT NULL AUTO_INCREMENT, AUTO_INCREMENT=3;

--
-- AUTO_INCREMENT for table `tb_employees`
--
ALTER TABLE `tb_employees`
  MODIFY `id` bigint(20) UNSIGNED NOT NULL AUTO_INCREMENT, AUTO_INCREMENT=216;

--
-- AUTO_INCREMENT for table `tb_greatday`
--
ALTER TABLE `tb_greatday`
  MODIFY `user_id` bigint(20) UNSIGNED NOT NULL AUTO_INCREMENT, AUTO_INCREMENT=8;

--
-- AUTO_INCREMENT for table `tb_sigaps`
--
ALTER TABLE `tb_sigaps`
  MODIFY `id` bigint(20) UNSIGNED NOT NULL AUTO_INCREMENT, AUTO_INCREMENT=6;

--
-- AUTO_INCREMENT for table `tb_timesheet`
--
ALTER TABLE `tb_timesheet`
  MODIFY `id` bigint(20) UNSIGNED NOT NULL AUTO_INCREMENT, AUTO_INCREMENT=5;

--
-- AUTO_INCREMENT for table `translations`
--
ALTER TABLE `translations`
  MODIFY `id` int(10) UNSIGNED NOT NULL AUTO_INCREMENT;

--
-- Constraints for dumped tables
--

--
-- Constraints for table `data_rows`
--
ALTER TABLE `data_rows`
  ADD CONSTRAINT `data_rows_data_type_id_foreign` FOREIGN KEY (`data_type_id`) REFERENCES `data_types` (`id`) ON DELETE CASCADE ON UPDATE CASCADE;

--
-- Constraints for table `menu_items`
--
ALTER TABLE `menu_items`
  ADD CONSTRAINT `menu_items_menu_id_foreign` FOREIGN KEY (`menu_id`) REFERENCES `menus` (`id`) ON DELETE CASCADE;

--
-- Constraints for table `permission_role`
--
ALTER TABLE `permission_role`
  ADD CONSTRAINT `permission_role_permission_id_foreign` FOREIGN KEY (`permission_id`) REFERENCES `permissions` (`id`) ON DELETE CASCADE,
  ADD CONSTRAINT `permission_role_role_id_foreign` FOREIGN KEY (`role_id`) REFERENCES `roles` (`id`) ON DELETE CASCADE;

--
-- Constraints for table `user_roles`
--
ALTER TABLE `user_roles`
  ADD CONSTRAINT `user_roles_role_id_foreign` FOREIGN KEY (`role_id`) REFERENCES `roles` (`id`) ON DELETE CASCADE,
  ADD CONSTRAINT `user_roles_user_id_foreign` FOREIGN KEY (`user_id`) REFERENCES `users` (`id`) ON DELETE CASCADE;
COMMIT;

